z) = z**3 + 18*z**2 + 70*z - 20. Let l be d(-8). Let q = 3 - 7. Let t be ((-16)/(-10))/(q/(-30)). Calculate the highest common divisor of l and t.
12
Suppose -z = 5*l - 2*z - 25, 5*z = 3*l - 37. Let d(f) = -8 - 18*f + 0 + l. Let h be d(-2). Calculate the greatest common divisor of 4 and h.
4
Let s be (1360/408)/(5/3). Calculate the highest common factor of s and 50.
2
Suppose -7*q = -12*q + 35. Suppose 3*o = n + 2249, 5*o + 6*n = 2*n + 3737. What is the greatest common factor of q and o?
7
Let l(p) = 235*p + 1428. Let d be l(-6). Calculate the highest common divisor of 18 and d.
18
Suppose 76 = 7*w - 3*w - 4*y, -5*w + 2*y + 80 = 0. Suppose -18*z + 55*z - 5740 = -45*z. What is the highest common factor of w and z?
14
Let o be (-28 + 35)*(2 - 3 - -7). Suppose 15*f - o = 18. Calculate the highest common factor of f and 28.
4
Let i(x) = -2*x**3 + 2*x - 30. Let h be i(-4). Let y = -56 - -110. What is the highest common divisor of y and h?
18
Suppose -41 = -44*o + 91. What is the greatest common divisor of 453 and o?
3
Let y be (204/18 - 3)/(20/1656). Calculate the greatest common factor of y and 130.
10
Suppose -173*n + 189176 = 113768 - 173712. Calculate the highest common factor of n and 800.
160
Suppose -98 = -6*h - h. Suppose -3 + 87 = h*o. Let y be (4/7)/(o - 287/49). Calculate the highest common divisor of 36 and y.
4
Let a = -13740 - -13808. Calculate the greatest common divisor of 102 and a.
34
Let b = 102 + -54. Let n = -1848 - -1992. Calculate the highest common divisor of b and n.
48
Suppose -21*a - 90 = -6*a. Let s(x) = -5*x**2 - 37*x - 19. Let p be s(a). What is the greatest common divisor of p and 46?
23
Suppose 0 = 5*m - 20, -m = -7*n + 4*n + 395. Calculate the greatest common factor of 2478 and n.
7
Suppose -x - 59 = -2*r, -r + x = -0*x - 32. Let c = 0 + 0. Suppose c = -3*b - 9, b = -2*n - b. What is the greatest common divisor of r and n?
3
Let r = -8 - -38. Suppose 4*y - 312 = -5*a, -6*a + 314 = -a + 3*y. Let l = -46 + a. What is the greatest common factor of l and r?
6
Let k(b) = 6*b - 213. Let v be k(40). Suppose 0*h = -v*h + 33696. Calculate the highest common factor of h and 96.
96
Suppose 245*s - 388*s = -5148. What is the highest common divisor of s and 4707?
9
Let v = -14 - -18. Suppose 0 = c - 1, 4 + 6 = o - v*c. What is the greatest common divisor of 28 and o?
14
Suppose 4*b - 2*h = 5*b - 5, 2*b - 5*h - 55 = 0. Let c(m) = -4*m - 11. Let u be c(b). Let a = -49 - u. What is the highest common divisor of 110 and a?
22
Let h be 1 + 6 - (-17 + 258). Let i = h - -237. Calculate the greatest common divisor of i and 3.
3
Let d be 7111/143 - 24 - (-3)/11. Calculate the greatest common divisor of d and 962.
26
Let w(t) = -t**3 + t**2 + 728*t + 2172. Let i be w(-3). Suppose 0 = 2*g - 6*g + 192. Calculate the greatest common factor of g and i.
24
Let n = 20165 + -19993. What is the highest common divisor of 2107 and n?
43
Let z be ((-216)/(-5))/((-2)/(-5)). Let c(p) = -8*p - 18. Let j be c(-9). What is the greatest common factor of j and z?
54
Let l = 33567 + -33566. Suppose 2*b = -4*t + 22, -3*t - 4*b + 9*b - 16 = 0. Suppose -5*r = -t - 2. Calculate the highest common divisor of l and r.
1
Let h(j) = -3*j**3 - 30*j**2 + 7*j + 110. Let a be h(-12). What is the greatest common divisor of a and 20?
10
Let d be (369096/(-98))/(-12) - (-1)/7. What is the highest common divisor of 10 and d?
2
Suppose 128*m - 16 = 124*m. Suppose m*f + 3*n - 143 = 0, -4*f + 5*n - 36 = -171. Calculate the highest common factor of f and 15.
5
Suppose -12 + 122 = 5*l. Suppose 4*r = 4*b - l - 22, 5*r = 2*b - 7. Let g be (-2)/(-30) - (3332/(-420) - 24). What is the highest common factor of g and b?
16
Suppose -4*j = 5*a - 150 - 45, -5*j + 251 = -a. Let n(c) = 18*c + 2. Let i = 17 - 16. Let b be n(i). Calculate the greatest common factor of j and b.
10
Let j = 12 - -8. Let m = 59 - 56. Suppose -28 + 4 = -m*d. What is the greatest common divisor of j and d?
4
Let a = 984 + -12. Suppose -292*n = -286*n - a. Calculate the highest common factor of 72 and n.
18
Let o be 8/(224/(-348)) - (-6)/14. Let b = 87 + o. What is the highest common divisor of b and 30?
15
Suppose -5*g = 166 - 136, g = -5*p + 10244. What is the highest common factor of p and 123?
41
Let o be (-424)/18 + (0 - (-4)/(-9)). Let g(l) = 2*l + 104. Let s be g(o). What is the greatest common divisor of 7 and s?
7
Suppose -114 = -45*o + 102*o. Let k be ((-1456)/(-24))/(o/(-9)). What is the highest common divisor of k and 117?
39
Suppose t + 23 = -82. Let d = -70 - t. Let y = -153 - -258. Calculate the highest common factor of d and y.
35
Suppose 0*d + 5*d = 5*h + 410, 4*d = 8. Let c = h + 114. Calculate the highest common factor of c and 51.
17
Let y = 332 + -248. Calculate the highest common divisor of 4137 and y.
21
Suppose 0 = -345*j + 341*j + 3530 - 1130. Calculate the highest common divisor of 192 and j.
24
Let s be -506 - 1/(-3*(-3)/(-45)). Let z = s + 544. What is the highest common divisor of 43 and z?
43
Suppose -602*w + 51 = s - 605*w, -91 = -s - 5*w. What is the highest common factor of s and 15?
3
Let n = -2995 - -3059. What is the greatest common divisor of n and 68?
4
Let l = 7 + 2. Let t = 22650 + -22614. What is the highest common factor of t and l?
9
Let c = -770 + 1286. Let y(o) = o**3 - 14*o**2 - 914*o + 88. Let m be y(38). Calculate the greatest common divisor of m and c.
12
Let t be (-2)/(56/30 + -2). Let g = -21603 - -21608. What is the highest common factor of g and t?
5
Suppose -264*m + 261*m + 57 = 0. Suppose m*j - 27 = 16*j. What is the highest common factor of j and 81?
9
Suppose 0 = 2*b + 4*i + 151 + 37, 4*i = -b - 98. Let s = b - -150. Suppose -q + 77 - 49 + 17 = 0. Calculate the highest common factor of s and q.
15
Let s(x) = 3*x**2 - 20*x + 42. Let g be s(6). Let r be (-4)/g + (-13)/(585/(-4146)). What is the highest common divisor of 8 and r?
4
Let d = -30124 - -30169. Suppose -i = -2*g + 50, 0 = -2*g - 4*i + 76 - 26. Let b = g + -10. Calculate the highest common divisor of d and b.
15
Suppose 37 = -10*o + 257. Suppose 0 = o*n + 573 - 3741. What is the greatest common divisor of n and 48?
48
Suppose -10*m + 12298 = 33*m. What is the highest common divisor of m and 462?
22
Let n = -594 - -837. Suppose 6*u - 207 = n. What is the greatest common factor of u and 50?
25
Let t = 44 - 31. Let x = 4149 + -4136. What is the highest common divisor of x and t?
13
Suppose 0*q + 9 = 3*q. Suppose -q*t = 5*t - 3*t. Let l be (5 - 4)*24 - (-3 + t). Calculate the highest common factor of 297 and l.
27
Let p(j) = 6*j + 114. Let y be p(14). Calculate the greatest common divisor of 135 and y.
9
Let a = -18046 - -20971. Calculate the greatest common factor of 221 and a.
13
Suppose 0 = 9*g - 18 - 9. Suppose -3*w + w + 36 = 4*r, -5*r + 56 = -g*w. Suppose r*v - 462 = 7*v. Calculate the greatest common divisor of 14 and v.
14
Let n be ((-627380)/520)/((-1)/12). What is the greatest common factor of 38 and n?
38
Suppose 3*d = -2*v - 9, d - 5*d - 11 = 3*v. Suppose -n + 7*z = 4*z + 3, 0 = 3*n - 3*z - v. What is the greatest common divisor of 1 and n?
1
Suppose -g = 2*f - 1 - 3, 4*g - 2*f = 66. Let u be g/(-175) - (-12381)/75. Calculate the highest common factor of u and 88.
11
Let w = -258 + 269. Suppose 10*y = w + 269. Calculate the greatest common factor of y and 448.
28
Suppose 3720 = 188*d - 148*d. What is the highest common factor of 1457 and d?
31
Suppose 364*a - 5*o + 85 = 366*a, -3*a + 65 = -5*o. What is the greatest common factor of a and 66?
6
Let s = -302 - -230. Let m = 79 + s. What is the highest common factor of m and 7?
7
Let m = -12528 - -12535. What is the greatest common divisor of m and 11669?
7
Suppose -9*a - 284 + 1652 = 0. Let b = 182 - a. What is the highest common factor of b and 135?
15
Let k = -31773 + 41552. What is the greatest common divisor of k and 508?
127
Let d(p) = 2*p**2 + 2*p + 24. Let t be d(11). Suppose 112*c - 160 = 107*c. What is the greatest common divisor of c and t?
32
Suppose -12131 + 4518 = -117*s + 25147. What is the greatest common divisor of 210 and s?
70
Let b(a) = 2*a**2 + 7*a - a**3 - 4*a**2 - 3*a**2 + 4*a**2. Let d be b(-4). Let y = 320 - 220. Calculate the highest common factor of d and y.
20
Suppose 42*p - 54 = 33*p. Let b be p/21 - (-24)/14. C